{"id":7593,"date":"2026-04-14T19:01:10","date_gmt":"2026-04-14T19:01:10","guid":{"rendered":"https:\/\/mediaware.org\/channeltalks\/?page_id=7593"},"modified":"2026-04-14T19:01:10","modified_gmt":"2026-04-14T19:01:10","slug":"galeria-de-fotos-2026","status":"publish","type":"page","link":"https:\/\/mediaware.org\/channeltalks\/galeria-de-fotos-2026\/","title":{"rendered":"Galer\u00eda de fotos 2026"},"content":{"rendered":"<p>[et_pb_section fb_built=\u00bb1&#8243; custom_padding_last_edited=\u00bboff|desktop\u00bb admin_label=\u00bbHero\u00bb _builder_version=\u00bb4.27.4&#8243; _module_preset=\u00bbdefault\u00bb background_color=\u00bbRGBA(255,255,255,0)\u00bb use_background_color_gradient=\u00bbon\u00bb background_color_gradient_stops=\u00bb#5b2966 28%|#8b2d50 65%|#ef3623 100%\u00bb custom_margin=\u00bb||-1px|||\u00bb custom_padding=\u00bb100px||48px|||\u00bb custom_padding_tablet=\u00bb130px||130px|\u00bb hover_enabled=\u00bb0&#8243; da_disable_devices=\u00bboff|off|off\u00bb global_colors_info=\u00bb{}\u00bb background_enable_image=\u00bboff\u00bb sticky_enabled=\u00bb0&#8243; da_is_popup=\u00bboff\u00bb da_exit_intent=\u00bboff\u00bb da_has_close=\u00bbon\u00bb da_alt_close=\u00bboff\u00bb da_dark_close=\u00bboff\u00bb da_not_modal=\u00bbon\u00bb da_is_singular=\u00bboff\u00bb da_with_loader=\u00bboff\u00bb da_has_shadow=\u00bbon\u00bb][et_pb_row _builder_version=\u00bb4.17.6&#8243; _module_preset=\u00bbdefault\u00bb background_size=\u00bbinitial\u00bb background_position=\u00bbtop_left\u00bb background_repeat=\u00bbrepeat\u00bb max_width=\u00bb1920px\u00bb custom_margin=\u00bb||||false|false\u00bb custom_padding=\u00bb0px||||false|false\u00bb global_colors_info=\u00bb{}\u00bb][et_pb_column type=\u00bb4_4&#8243; _builder_version=\u00bb4.16&#8243; _module_preset=\u00bbdefault\u00bb custom_padding=\u00bb|||\u00bb global_colors_info=\u00bb{}\u00bb custom_padding__hover=\u00bb|||\u00bb][et_pb_text _builder_version=\u00bb4.17.6&#8243; _module_preset=\u00bbdefault\u00bb text_font=\u00bb||||||||\u00bb header_font=\u00bbMontserrat|700|||||||\u00bb header_text_color=\u00bb#FFFFFF\u00bb header_font_size=\u00bb60px\u00bb header_line_height=\u00bb1.3em\u00bb text_orientation=\u00bbcenter\u00bb max_width=\u00bb1080%\u00bb module_alignment=\u00bbcenter\u00bb custom_margin=\u00bb||0px|\u00bb animation_style=\u00bbflip\u00bb animation_direction=\u00bbtop\u00bb header_font_size_tablet=\u00bb60px\u00bb header_font_size_phone=\u00bb35px\u00bb header_font_size_last_edited=\u00bbon|desktop\u00bb global_colors_info=\u00bb{}\u00bb]<\/p>\n<h1><span style=\"color: #ffffff;\">GALER\u00cdA CHANNEL TALKS 2026<\/span><\/h1>\n<p>[\/et_pb_text][et_pb_divider color=\u00bb#E02B20&#8243; divider_position=\u00bbcenter\u00bb divider_weight=\u00bb2px\u00bb _builder_version=\u00bb4.17.6&#8243; _module_preset=\u00bbdefault\u00bb max_width=\u00bb90px\u00bb max_width_tablet=\u00bb12%\u00bb max_width_last_edited=\u00bboff|desktop\u00bb module_alignment=\u00bbcenter\u00bb custom_margin=\u00bb|||\u00bb animation_style=\u00bbflip\u00bb animation_delay=\u00bb50ms\u00bb global_colors_info=\u00bb{}\u00bb][\/et_pb_divider][et_pb_text _builder_version=\u00bb4.17.6&#8243; _module_preset=\u00bbdefault\u00bb text_font=\u00bbMontserrat||||||||\u00bb text_text_color=\u00bb#FFFFFF\u00bb text_font_size=\u00bb23px\u00bb text_line_height=\u00bb1.8em\u00bb header_3_font=\u00bbMontserrat||||||||\u00bb header_3_text_color=\u00bb#FFFFFF\u00bb header_3_font_size=\u00bb35px\u00bb header_3_line_height=\u00bb1.2em\u00bb text_orientation=\u00bbcenter\u00bb width=\u00bb100%\u00bb width_tablet=\u00bb100%\u00bb width_phone=\u00bb99%\u00bb width_last_edited=\u00bbon|desktop\u00bb module_alignment=\u00bbcenter\u00bb custom_padding=\u00bb||47px|||\u00bb text_font_size_tablet=\u00bb18px\u00bb text_font_size_phone=\u00bb14px\u00bb text_font_size_last_edited=\u00bbon|desktop\u00bb header_3_font_size_tablet=\u00bb24px\u00bb header_3_font_size_phone=\u00bb24px\u00bb header_3_font_size_last_edited=\u00bbon|desktop\u00bb header_3_line_height_tablet=\u00bb1em\u00bb header_3_line_height_phone=\u00bb1.2em\u00bb header_3_line_height_last_edited=\u00bbon|tablet\u00bb module_alignment_tablet=\u00bbcenter\u00bb module_alignment_phone=\u00bbcenter\u00bb module_alignment_last_edited=\u00bbon|desktop\u00bb global_colors_info=\u00bb{}\u00bb]<\/p>\n<h3 class=\"p1\"><\/h3>\n<p class=\"p2\"><span style=\"color: #ffffff;\">Seguimos recorriendo el pa\u00eds, capacitando y premiando a los resellers, generando nuevos v\u00ednculos y negocios con foco en el valor agregado y la relaci\u00f3n personal.<\/span><\/p>\n<p>[\/et_pb_text][\/et_pb_column][\/et_pb_row][\/et_pb_section][et_pb_section fb_built=\u00bb1&#8243; admin_label=\u00bbGallery\u00bb _builder_version=\u00bb4.16&#8243; _module_preset=\u00bbdefault\u00bb custom_margin=\u00bb-87px|||||\u00bb custom_padding=\u00bb27px||0px|||\u00bb da_disable_devices=\u00bboff|off|off\u00bb global_colors_info=\u00bb{}\u00bb da_is_popup=\u00bboff\u00bb da_exit_intent=\u00bboff\u00bb da_has_close=\u00bbon\u00bb da_alt_close=\u00bboff\u00bb da_dark_close=\u00bboff\u00bb da_not_modal=\u00bbon\u00bb da_is_singular=\u00bboff\u00bb da_with_loader=\u00bboff\u00bb da_has_shadow=\u00bbon\u00bb][et_pb_row _builder_version=\u00bb4.17.3&#8243; _module_preset=\u00bbdefault\u00bb global_colors_info=\u00bb{}\u00bb][et_pb_column type=\u00bb4_4&#8243; _builder_version=\u00bb4.17.3&#8243; _module_preset=\u00bbdefault\u00bb global_colors_info=\u00bb{}\u00bb][et_pb_divider color=\u00bb#878787&#8243; divider_weight=\u00bb2px\u00bb _builder_version=\u00bb4.17.3&#8243; _module_preset=\u00bbdefault\u00bb width=\u00bb84%\u00bb module_alignment=\u00bbcenter\u00bb global_colors_info=\u00bb{}\u00bb][\/et_pb_divider][\/et_pb_column][\/et_pb_row][et_pb_row column_structure=\u00bb1_3,1_3,1_3&#8243; use_custom_gutter=\u00bbon\u00bb make_equal=\u00bbon\u00bb _builder_version=\u00bb4.17.6&#8243; _module_preset=\u00bbdefault\u00bb custom_padding=\u00bb||50px|||\u00bb global_colors_info=\u00bb{}\u00bb][et_pb_column type=\u00bb1_3&#8243; _builder_version=\u00bb4.17.3&#8243; _module_preset=\u00bbdefault\u00bb global_colors_info=\u00bb{}\u00bb][et_pb_blurb title=\u00bbNEUQU\u00c9N- ARG\u00bb image=\u00bbhttps:\/\/mediaware.org\/channeltalks\/wp-content\/uploads\/2022\/08\/marcador-de-posicion.png\u00bb icon_placement=\u00bbleft\u00bb image_icon_width=\u00bb100%\u00bb _builder_version=\u00bb4.27.4&#8243; _module_preset=\u00bbdefault\u00bb header_font=\u00bbMontserrat|700|||||||\u00bb image_icon_custom_margin=\u00bb-7px||||false|false\u00bb width=\u00bb100%\u00bb global_colors_info=\u00bb{}\u00bb]<\/p>\n<p class=\"td-post-sub-title\">El evento de tecnolog\u00eda y negocios organizado por Mediaware ofreci\u00f3 a sus asistentes el tradicional espacio de interacci\u00f3n con marcas y mayoristas, mediante exposiciones y charlas reveladoras donde se dieron a conocer nuevas propuestas de negcios para el canal IT local.<\/p>\n<div class=\"td-module-meta-info\"><\/div>\n<p>[\/et_pb_blurb][et_pb_button button_url=\u00bbhttps:\/\/mediaware.org\/channeltalks\/galeria-de-fotos-2025\/neuquen\/\u00bb button_text=\u00bbVER GALER\u00cdA\u00bb button_alignment=\u00bbleft\u00bb _builder_version=\u00bb4.27.4&#8243; _module_preset=\u00bbdefault\u00bb custom_button=\u00bbon\u00bb button_text_size=\u00bb14px\u00bb button_text_color=\u00bb#FFFFFF\u00bb button_bg_color=\u00bb#E02B20&#8243; button_border_radius=\u00bb35px\u00bb button_font=\u00bbMontserrat||||||||\u00bb button_icon=\u00bb&#x55;||divi||400&#8243; button_icon_color=\u00bb#FFFFFF\u00bb button_on_hover=\u00bboff\u00bb custom_padding=\u00bb|37px||19px|false|false\u00bb global_colors_info=\u00bb{}\u00bb][\/et_pb_button][\/et_pb_column][et_pb_column type=\u00bb1_3&#8243; _builder_version=\u00bb4.17.3&#8243; _module_preset=\u00bbdefault\u00bb global_colors_info=\u00bb{}\u00bb][\/et_pb_column][et_pb_column type=\u00bb1_3&#8243; _builder_version=\u00bb4.17.3&#8243; _module_preset=\u00bbdefault\u00bb global_colors_info=\u00bb{}\u00bb][\/et_pb_column][\/et_pb_row][\/et_pb_section]<\/p>\n","protected":false},"excerpt":{"rendered":"<p>GALER\u00cdA CHANNEL TALKS 2026 Seguimos recorriendo el pa\u00eds, capacitando y premiando a los resellers, generando nuevos v\u00ednculos y negocios con foco en el valor agregado y la relaci\u00f3n personal.El evento de tecnolog\u00eda y negocios organizado por Mediaware ofreci\u00f3 a sus asistentes el tradicional espacio de interacci\u00f3n con marcas y mayoristas, mediante exposiciones y charlas reveladoras [&hellip;]<\/p>\n","protected":false},"author":5,"featured_media":0,"parent":0,"menu_order":0,"comment_status":"closed","ping_status":"closed","template":"","meta":{"_et_pb_use_builder":"on","_et_pb_old_content":"","_et_gb_content_width":"","footnotes":""},"class_list":["post-7593","page","type-page","status-publish","hentry"],"_links":{"self":[{"href":"https:\/\/mediaware.org\/channeltalks\/wp-json\/wp\/v2\/pages\/7593","targetHints":{"allow":["GET"]}}],"collection":[{"href":"https:\/\/mediaware.org\/channeltalks\/wp-json\/wp\/v2\/pages"}],"about":[{"href":"https:\/\/mediaware.org\/channeltalks\/wp-json\/wp\/v2\/types\/page"}],"author":[{"embeddable":true,"href":"https:\/\/mediaware.org\/channeltalks\/wp-json\/wp\/v2\/users\/5"}],"replies":[{"embeddable":true,"href":"https:\/\/mediaware.org\/channeltalks\/wp-json\/wp\/v2\/comments?post=7593"}],"version-history":[{"count":2,"href":"https:\/\/mediaware.org\/channeltalks\/wp-json\/wp\/v2\/pages\/7593\/revisions"}],"predecessor-version":[{"id":7596,"href":"https:\/\/mediaware.org\/channeltalks\/wp-json\/wp\/v2\/pages\/7593\/revisions\/7596"}],"wp:attachment":[{"href":"https:\/\/mediaware.org\/channeltalks\/wp-json\/wp\/v2\/media?parent=7593"}],"curies":[{"name":"wp","href":"https:\/\/api.w.org\/{rel}","templated":true}]}}

Galería de fotos 2026

<p>[et_pb_section fb_built=»1&#8243; custom_padding_last_edited=»off|desktop» admin_label=»Hero» _builder_version=»4.27.4&#8243; _module_preset=»default» background_color=»RGBA(255,255,255,0)» use_background_color_gradient=»on» background_color_gradient_stops=»#5b2966 28%|#8b2d50 65%|#ef3623 100%» custom_margin=»||-1px|||» custom_padding=»100px||48px|||» custom_padding_tablet=»130px||130px|» hover_enabled=»0&#8243; da_disable_devices=»off|off|off» global_colors_info=»{}» background_enable_image=»off» sticky_enabled=»0&#8243; da_is_popup=»off» da_exit_intent=»off» da_has_close=»on» da_alt_close=»off» da_dark_close=»off» da_not_modal=»on» da_is_singular=»off» da_with_loader=»off» da_has_shadow=»on»][et_pb_row _builder_version=»4.17.6&#8243; _module_preset=»default» background_size=»initial» background_position=»top_left» background_repeat=»repeat» max_width=»1920px» custom_margin=»||||false|false» custom_padding=»0px||||false|false» global_colors_info=»{}»][et_pb_column type=»4_4&#8243; _builder_version=»4.16&#8243; _module_preset=»default» custom_padding=»|||» global_colors_info=»{}» custom_padding__hover=»|||»][et_pb_text _builder_version=»4.17.6&#8243; _module_preset=»default» text_font=»||||||||» header_font=»Montserrat|700|||||||» header_text_color=»#FFFFFF» header_font_size=»60px» header_line_height=»1.3em» text_orientation=»center» max_width=»1080%» module_alignment=»center» custom_margin=»||0px|» animation_style=»flip» animation_direction=»top» header_font_size_tablet=»60px» header_font_size_phone=»35px» header_font_size_last_edited=»on|desktop» global_colors_info=»{}»]</p>
<h1><span style="color: #ffffff;">GALERÍA CHANNEL TALKS 2026</span></h1>
<p>[/et_pb_text][et_pb_divider color=»#E02B20&#8243; divider_position=»center» divider_weight=»2px» _builder_version=»4.17.6&#8243; _module_preset=»default» max_width=»90px» max_width_tablet=»12%» max_width_last_edited=»off|desktop» module_alignment=»center» custom_margin=»|||» animation_style=»flip» animation_delay=»50ms» global_colors_info=»{}»][/et_pb_divider][et_pb_text _builder_version=»4.17.6&#8243; _module_preset=»default» text_font=»Montserrat||||||||» text_text_color=»#FFFFFF» text_font_size=»23px» text_line_height=»1.8em» header_3_font=»Montserrat||||||||» header_3_text_color=»#FFFFFF» header_3_font_size=»35px» header_3_line_height=»1.2em» text_orientation=»center» width=»100%» width_tablet=»100%» width_phone=»99%» width_last_edited=»on|desktop» module_alignment=»center» custom_padding=»||47px|||» text_font_size_tablet=»18px» text_font_size_phone=»14px» text_font_size_last_edited=»on|desktop» header_3_font_size_tablet=»24px» header_3_font_size_phone=»24px» header_3_font_size_last_edited=»on|desktop» header_3_line_height_tablet=»1em» header_3_line_height_phone=»1.2em» header_3_line_height_last_edited=»on|tablet» module_alignment_tablet=»center» module_alignment_phone=»center» module_alignment_last_edited=»on|desktop» global_colors_info=»{}»]</p>
<h3 class="p1"></h3>
<p class="p2"><span style="color: #ffffff;">Seguimos recorriendo el país, capacitando y premiando a los resellers, generando nuevos vínculos y negocios con foco en el valor agregado y la relación personal.</span></p>
<p>[/et_pb_text][/et_pb_column][/et_pb_row][/et_pb_section][et_pb_section fb_built=»1&#8243; admin_label=»Gallery» _builder_version=»4.16&#8243; _module_preset=»default» custom_margin=»-87px|||||» custom_padding=»27px||0px|||» da_disable_devices=»off|off|off» global_colors_info=»{}» da_is_popup=»off» da_exit_intent=»off» da_has_close=»on» da_alt_close=»off» da_dark_close=»off» da_not_modal=»on» da_is_singular=»off» da_with_loader=»off» da_has_shadow=»on»][et_pb_row _builder_version=»4.17.3&#8243; _module_preset=»default» global_colors_info=»{}»][et_pb_column type=»4_4&#8243; _builder_version=»4.17.3&#8243; _module_preset=»default» global_colors_info=»{}»][et_pb_divider color=»#878787&#8243; divider_weight=»2px» _builder_version=»4.17.3&#8243; _module_preset=»default» width=»84%» module_alignment=»center» global_colors_info=»{}»][/et_pb_divider][/et_pb_column][/et_pb_row][et_pb_row column_structure=»1_3,1_3,1_3&#8243; use_custom_gutter=»on» make_equal=»on» _builder_version=»4.17.6&#8243; _module_preset=»default» custom_padding=»||50px|||» global_colors_info=»{}»][et_pb_column type=»1_3&#8243; _builder_version=»4.17.3&#8243; _module_preset=»default» global_colors_info=»{}»][et_pb_blurb title=»NEUQUÉN- ARG» image=»https://mediaware.org/channeltalks/wp-content/uploads/2022/08/marcador-de-posicion.png» icon_placement=»left» image_icon_width=»100%» _builder_version=»4.27.4&#8243; _module_preset=»default» header_font=»Montserrat|700|||||||» image_icon_custom_margin=»-7px||||false|false» width=»100%» global_colors_info=»{}»]</p>
<p class="td-post-sub-title">El evento de tecnología y negocios organizado por Mediaware ofreció a sus asistentes el tradicional espacio de interacción con marcas y mayoristas, mediante exposiciones y charlas reveladoras donde se dieron a conocer nuevas propuestas de negcios para el canal IT local.</p>
<div class="td-module-meta-info"></div>
<p>[/et_pb_blurb][et_pb_button button_url=»https://mediaware.org/channeltalks/galeria-de-fotos-2025/neuquen/» button_text=»VER GALERÍA» button_alignment=»left» _builder_version=»4.27.4&#8243; _module_preset=»default» custom_button=»on» button_text_size=»14px» button_text_color=»#FFFFFF» button_bg_color=»#E02B20&#8243; button_border_radius=»35px» button_font=»Montserrat||||||||» button_icon=»&#x55;||divi||400&#8243; button_icon_color=»#FFFFFF» button_on_hover=»off» custom_padding=»|37px||19px|false|false» global_colors_info=»{}»][/et_pb_button][/et_pb_column][et_pb_column type=»1_3&#8243; _builder_version=»4.17.3&#8243; _module_preset=»default» global_colors_info=»{}»][/et_pb_column][et_pb_column type=»1_3&#8243; _builder_version=»4.17.3&#8243; _module_preset=»default» global_colors_info=»{}»][/et_pb_column][/et_pb_row][/et_pb_section]</p>

<p>GALERÍA CHANNEL TALKS 2026 Seguimos recorriendo el país, capacitando y premiando a los resellers, generando nuevos vínculos y negocios con foco en el valor agregado y la relación personal.El evento de tecnología y negocios organizado por Mediaware ofreció a sus asistentes el tradicional espacio de interacción con marcas y mayoristas, mediante exposiciones y charlas reveladoras [&hellip;]</p>
